13 is divided by 201?
187
What is the remainder when 455749 is divided by 1411?
1407
What is the remainder when 9878 is divided by 29?
18
Calculate the remainder when 27568 is divided by 958.
744
What is the remainder when 19039 is divided by 85?
84
Calculate the remainder when 33872 is divided by 1539.
14
What is the remainder when 77219 is divided by 25736?
11
What is the remainder when 14801 is divided by 1643?
14
What is the remainder when 40121 is divided by 28?
25
Calculate the remainder when 345450 is divided by 15.
0
What is the remainder when 1903354 is divided by 117?
115
Calculate the remainder when 21897 is divided by 5424.
201
What is the remainder when 2273 is divided by 2069?
204
Calculate the remainder when 9074 is divided by 1814.
4
Calculate the remainder when 82953 is divided by 8.
1
Calculate the remainder when 725697 is divided by 492.
489
What is the remainder when 7036 is divided by 7016?
20
What is the remainder when 461607 is divided by 15?
12
Calculate the remainder when 64419 is divided by 1293.
1062
Calculate the remainder when 184413 is divided by 3.
0
Calculate the remainder when 4093 is divided by 364.
89
What is the remainder when 4759 is divided by 1574?
37
Calculate the remainder when 1534 is divided by 18.
4
What is the remainder when 49003 is divided by 229?
226
What is the remainder when 1749614 is divided by 1717?
1708
Calculate the remainder when 60422 is divided by 30167.
88
What is the remainder when 16720 is divided by 7?
4
Calculate the remainder when 156086 is divided by 39020.
6
What is the remainder when 161966 is divided by 8?
6
What is the remainder when 995 is divided by 191?
40
Calculate the remainder when 2964 is divided by 1472.
20
Calculate the remainder when 5925 is divided by 5868.
57
Calculate the remainder when 30189 is divided by 134.
39
What is the remainder when 426 is divided by 222?
204
Calculate the remainder when 4081 is divided by 1981.
119
What is the remainder when 113690 is divided by 13?
5
What is the remainder when 9976 is divided by 238?
218
Calculate the remainder when 164904 is divided by 73.
70
Calculate the remainder when 2305 is divided by 790.
725
What is the remainder when 1627 is divided by 77?
10
What is the remainder when 7237 is divided by 105?
97
Calculate the remainder when 607 is divided by 265.
77
Calculate the remainder when 5385 is divided by 514.
245
Calculate the remainder when 174498 is divided by 250.
248
Calculate the remainder when 8916 is divided by 186.
174
What is the remainder when 1052 is divided by 170?
32
What is the remainder when 16880 is divided by 15?
5
What is the remainder when 106537 is divided by 517?
35
Calculate the remainder when 78707 is divided by 39351.
5
Calculate the remainder when 54573 is divided by 876.
261
Calculate the remainder when 1358175 is divided by 807.
801
Calculate the remainder when 11452 is divided by 2705.
632
Calculate the remainder when 91999 is divided by 51.
46
Calculate the remainder when 7240 is divided by 1448.
0
What is the remainder when 70601 is divided by 15?
11
What is the remainder when 210175 is divided by 2532?
19
What is the remainder when 90974 is divided by 716?
42
What is the remainder when 325 is divided by 3?
1
What is the remainder when 3109 is divided by 228?
145
Calculate the remainder when 45553 is divided by 773.
719
Calculate the remainder when 7427 is divided by 697.
457
What is the remainder when 2275 is divided by 349?
181
What is the remainder when 137120 is divided by 6854?
40
What is the remainder when 950 is divided by 60?
50
Calculate the remainder when 51809 is divided by 38.
15
What is the remainder when 71104 is divided by 337?
334
Calculate the remainder when 2261 is divided by 565.
1
What is the remainder when 4698 is divided by 116?
58
Calculate the remainder when 26998 is divided by 87.
28
Calculate the remainder when 6142 is divided by 385.
367
What is the remainder when 4472095 is divided by 15?
10
What is the remainder when 5702 is divided by 376?
62
What is the remainder when 5040 is divided by 346?
196
What is the remainder when 29612 is divided by 1969?
77
Calculate the remainder when 5854 is divided by 538.
474
Calculate the remainder when 5071 is divided by 102.
73
Calculate the remainder when 143324 is divided by 10237.
6
What is the remainder when 230989 is divided by 10043?
0
Calculate the remainder when 3018 is divided by 314.
192
What is the remainder when 126 is divided by 53?
20
What is the remainder when 17797 is divided by 241?
204
Calculate the remainder when 98299 is divided by 651.
649
Calculate the remainder when 753 is divided by 18.
15
Calculate the remainder when 19765 is divided by 9876.
13
What is the remainder when 19306 is divided by 2754?
28
What is the remainder when 2316 is divided by 919?
478
What is the remainder when 49892 is divided by 378?
374
Calculate the remainder when 9795 is divided by 138.
135
Calculate the remainder when 2709 is divided by 226.
223
Calculate the remainder when 999 is divided by 34.
13
Calculate the remainder when 2656 is divided by 165.
16
What is the remainder when 30019 is divided by 19?
18
What is the remainder when 2085 is divided by 1709?
376
Calculate the remainder when 197709 is divided by 72.
69
What is the remainder when 1516 is divided by 1358?
158
Calculate the remainder when 276547 is divided by 55308.
7
Calculate the remainder when 1719 is divided by 772.
175
What is the remainder when 51350 is divided by 82?
18
Calculate the remainder when 4437 is divided by 1454.
75
What is the remainder when 1195 is divided by 1182?
13
What is the remainder when 249712 is divided by 37?
36
What is the remainder when 1149 is divided by 192?
189
What is the remainder when 1063973 is divided by 53?
51
Calculate the remainder when 475962 is divided by 365.
2
Calculate the remainder when 171303 is divided by 322.
321
Calculate the remainder when 51870 is divided by 40.
30
What is the remainder when 1372 is divided by 228?
4
What is the remainder when 41664 is divided by 168?
0
What is the remainder when 2428 is divided by 1905?
523
What is the remainder when 9015 is divided by 41?
36
What is the remainder when 87683 is divided by 43833?
17
Calculate the remainder when 317 is divided by 121.
75
What is the remainder when 877104 is divided by 113?
111
What is the remainder when 44794 is divided by 7?
1
Calculate the remainder when 4313 is divided by 1077.
5
What is the remainder when 6618 is divided by 173?
44
What is the remainder when 560 is divided by 219?
122
What is the remainder when 36979 is divided by 18216?
547
What is the remainder when 106 is divided by 55?
51
Calculate the remainder when 2670 is divided by 266.
10
What is the remainder when 21618 is divided by 227?
53
Calculate the remainder when 8873 is divided by 295.
23
Calculate the remainder when 239561 is divided by 221.
218
What is the remainder when 12623 is divided by 1282?
1085
What is the remainder when 18063 is divided by 898?
103
What is the remainder when 7608 is divided by 443?
77
What is the remainder when 949 is divided by 946?
3
What is the remainder when 249322 is divided by 11?
7
What is the remainder when 3125 is divided by 887?
464
Calculate the remainder when 16024 is divided by 2481.
1138
Calculate the remainder when 2503 is divided by 639.
586
What is the remainder when 1528 is divided by 1451?
77
What is the remainder when 50078 is divided by 4535?
193
What is the remainder when 9765 is divided by 2185?
1025
What is the remainder when 3352 is divided by 3?
1
Calculate the remainder when 10098 is divided by 21.
18
Calculate the remainder when 198041 is divided by 17998.
63
What is the remainder when 1488244 is divided by 353?
349
Calculate the remainder when 940190 is divided by 22.
20
Calculate the remainder when 148355 is divided by 12.
11
Calculate the remainder when 7659 is divided by 40.
19
What is the remainder when 59581 is divided by 8?
5
What is the remainder when 116131 is divided by 116087?
44
What is the remainder when 15483 is divided by 22?
17
What is the remainder when 2820 is divided by 133?
27
What is the remainder when 3654 is divided by 144?
54
Calculate the remainder when 37897 is divided by 324.
313
What is 